of 3758362?
3
What is the hundreds digit of 902718?
7
What is the units digit of 52492?
2
What is the thousands digit of 151401?
1
What is the hundreds digit of 1275576?
5
What is the hundred thousands digit of 347846?
3
What is the thousands digit of 172223?
2
What is the tens digit of 152107?
0
What is the thousands digit of 200166?
0
What is the units digit of 471441?
1
What is the millions digit of 2749879?
2
What is the ten millions digit of 12239204?
1
What is the tens digit of 5625225?
2
What is the hundreds digit of 19364?
3
What is the tens digit of 2293043?
4
What is the tens digit of 785837?
3
What is the units digit of 459504?
4
What is the hundreds digit of 53872?
8
What is the hundreds digit of 643861?
8
What is the hundred thousands digit of 2881659?
8
What is the millions digit of 2853139?
2
What is the hundreds digit of 573975?
9
What is the hundred thousands digit of 467529?
4
What is the ten thousands digit of 582601?
8
What is the thousands digit of 183693?
3
What is the ten thousands digit of 20379?
2
What is the hundreds digit of 1921549?
5
What is the units digit of 23815?
5
What is the hundreds digit of 8220834?
8
What is the units digit of 1892300?
0
What is the hundred thousands digit of 9010290?
0
What is the ten millions digit of 23082658?
2
What is the units digit of 2961891?
1
What is the millions digit of 8993139?
8
What is the millions digit of 22560479?
2
What is the tens digit of 2423878?
7
What is the millions digit of 4994060?
4
What is the ten thousands digit of 289063?
8
What is the hundred thousands digit of 166316?
1
What is the hundred thousands digit of 6894355?
8
What is the thousands digit of 163524?
3
What is the hundred thousands digit of 30412800?
4
What is the units digit of 287245?
5
What is the hundred thousands digit of 365778?
3
What is the hundred thousands digit of 827100?
8
What is the thousands digit of 9511378?
1
What is the ten thousands digit of 491960?
9
What is the ten millions digit of 23838232?
2
What is the hundred thousands digit of 1402705?
4
What is the thousands digit of 1091749?
1
What is the tens digit of 230987?
8
What is the tens digit of 7031937?
3
What is the hundred thousands digit of 34002251?
0
What is the units digit of 2021106?
6
What is the units digit of 1874682?
2
What is the ten thousands digit of 81802?
8
What is the tens digit of 592027?
2
What is the hundred thousands digit of 422488?
4
What is the hundred thousands digit of 17469134?
4
What is the hundred thousands digit of 1325471?
3
What is the units digit of 5834053?
3
What is the thousands digit of 15562960?
2
What is the hundred thousands digit of 2524055?
5
What is the ten millions digit of 30035254?
3
What is the hundred thousands digit of 222565?
2
What is the tens digit of 383791?
9
What is the thousands digit of 2653490?
3
What is the ten thousands digit of 145161?
4
What is the tens digit of 2770021?
2
What is the thousands digit of 942100?
2
What is the tens digit of 28783402?
0
What is the hundred thousands digit of 5654375?
6
What is the tens digit of 3404519?
1
What is the ten millions digit of 15120891?
1
What is the ten thousands digit of 6188068?
8
What is the thousands digit of 16544202?
4
What is the tens digit of 6629108?
0
What is the millions digit of 24780214?
4
What is the hundreds digit of 1128915?
9
What is the ten thousands digit of 234530?
3
What is the millions digit of 2270156?
2
What is the units digit of 221977?
7
What is the hundred thousands digit of 940922?
9
What is the units digit of 183028?
8
What is the millions digit of 5137991?
5
What is the thousands digit of 108747?
8
What is the units digit of 231050?
0
What is the thousands digit of 1502108?
2
What is the millions digit of 5480357?
5
What is the tens digit of 1129067?
6
What is the hundred thousands digit of 1691876?
6
What is the hundred thousands digit of 2889325?
8
What is the ten thousands digit of 1378455?
7
What is the units digit of 8659911?
1
What is the thousands digit of 5532878?
2
What is the thousands digit of 11798258?
8
What is the thousands digit of 1863203?
3
What is the hundred thousands digit of 165316?
1
What is the hundred thousands digit of 4549766?
5
What is the millions digit of 3742045?
3
What is the units digit of 441096?
6
What is the millions digit of 11165038?
1
What is the tens digit of 135351?
5
What is the tens digit of 335963?
6
What is the tens digit of 380717?
1
What is the thousands digit of 1175225?
5
What is the hundreds digit of 47480?
4
What is the units digit of 4455967?
7
What is the ten thousands digit of 2555597?
5
What is the ten thousands digit of 4361453?
6
What is the thousands digit of 383810?
3
What is the units digit of 7125?
5
What is the units digit of 3413301?
1
What is the ten thousands digit of 225308?
2
What is the ten thousands digit of 221764?
2
What is the ten thousands digit of 435377?
3
What is the hundreds digit of 481478?
4
What is the tens digit of 2490732?
3
What is the hundreds digit of 452364?
3
What is the millions digit of 3641639?
3
What is the units digit of 37964?
4
What is the hundreds digit of 2451994?
9
What is the tens digit of 2754847?
4
What is the hundreds digit of 176710?
7
What is the tens digit of 292725?
2
What is the hundreds digit of 210805?
8
What is the thousands digit of 3780583?
0
What is the thousands digit of 501615?
1
What is the thousands digit of 892971?
2
What is the hundred thousands digit of 4784115?
7
What is the thousands digit of 1202487?
2
What is the tens digit of 1143615?
1
What is the units digit of 479267?
7
What is the millions digit of 4120697?
4
What is the hundreds digit of 294731?
7
What is the hundred thousands digit of 9285617?
2
What is the units digit of 1225479?
9
What is the units digit of 1980207?
7
What is the hundred thousands digit of 10081223?
0
What is the hundreds digit of 1321889?
8
What is the millions digit of 2186277?
2
What is the hundreds digit of 22277?
2
What is the ten thousands digit of 494687?
9
What is the hundreds digit of 720338?
3
What is the thousands digit of 92802?
2
What is the thousands digit of 1204157?
4
What is the ten thousands digit of 528843?
2
What is the hundred thousands digit of 9966843?
9
What is the millions digit of 2813878?
2
What is the hundred thousands digit of 714860?
7
What is the hundred thousands digit of 808788?
8
What is the tens digit of 21667136?
3
What is the units digit of 302078?
8
What is the thousands digit of 8474986?
4
What is the hundreds digit of 695929?
9
What is the units digit of 7051844?
4
What is the ten thousands digit of 711075?
1
What is the units digit of 2909265?
5
What is the hundred thousands digit of 129413?
1
What is the tens digit of 2262725?
2
What is the ten thousands digit of 324982?
2
What is the hundred thousands digit of 5063402?
0
What is the units digit of 39713?
3
What is the thousands digit of 1606156?
6
What is the hundred thousands digit of 298515?
2
What is the thousands digit of 24808860?
8
What is the ten millions digit of 18366432?
1
What is the tens digit of 12594902?
0
What is the hundred thousands digit of 128160?
1
What is the millions digit of 1231077?
1
What is the hundred thousands digit of 148764?
1
What is the hundred thousands digit of 1678834?
6
What is the hundred thousands digit of 1146590?
1
What is the hundred thousands digit of 1346441?
3
What is the units digit of 6472846?
6
What is the hundreds digit of 233254?
2
What is the thousands digit of 110733?
0
What is the thousands digit of 722262?
2
What is the tens digit of 2669431?
3
What is the thousands digit of 18584237?
4
What is the units digit of 48690?
0
What is the thousands digit of 12108334?
8
What is the units digit of 7207?
7
What is the hundred thousands digit of 3744241?
7
What is the tens digit of 2437405?
0
What is the tens digit of 1970742?
4
What is the hundred thousands digit of 173449?
1
What is the tens digit of 289796?
9
What is the hundred thousands digit of 6479832?
4
What is the thousands digit of 5424441?
4
What is the hundred thousands digit of 204064?
2
What is the tens digit of 330123?
2
What is the hundreds digit of 897991?
9
What is the tens digit of 1801168?
6
What is the tens digit of 548490?
9
What is the t